{"id":10,"date":"2025-11-17T17:28:11","date_gmt":"2025-11-17T16:28:11","guid":{"rendered":"https:\/\/amccombiservice.jl-data.dk\/?page_id=10"},"modified":"2025-12-01T17:17:04","modified_gmt":"2025-12-01T16:17:04","slug":"hjem","status":"publish","type":"page","link":"https:\/\/amccombiservice.jl-data.dk\/","title":{"rendered":"hjem"},"content":{"rendered":"\t\t<div data-elementor-type=\"wp-page\" data-elementor-id=\"10\" class=\"elementor elementor-10\">\n\t\t\t\t<div class=\"elementor-element elementor-element-4d1a85f e-flex e-con-boxed e-con e-parent\" data-id=\"4d1a85f\" data-element_type=\"container\" data-settings=\"{&quot;background_background&quot;:&quot;classic&quot;}\">\n\t\t\t\t\t<div class=\"e-con-inner\">\n\t\t<div class=\"elementor-element elementor-element-be42c72 e-grid e-con-full e-con e-child\" data-id=\"be42c72\" data-element_type=\"container\">\n\t\t<div class=\"elementor-element elementor-element-2dbac39 e-con-full e-flex e-con e-child\" data-id=\"2dbac39\" data-element_type=\"container\">\n\t\t\t\t<div class=\"elementor-element elementor-element-2a834b6 elementor-widget elementor-widget-text-editor\" data-id=\"2a834b6\" data-element_type=\"widget\" data-widget_type=\"text-editor.default\">\n\t\t\t\t\t\t\t\t\t<h2><strong>Velkommen hos<\/strong><\/h2>\t\t\t\t\t\t\t\t<\/div>\n\t\t\t\t<div class=\"elementor-element elementor-element-e5beee7 elementor-widget elementor-widget-image\" data-id=\"e5beee7\" data-element_type=\"widget\" data-widget_type=\"image.default\">\n\t\t\t\t\t\t\t\t\t\t\t\t\t\t\t<img decoding=\"async\" width=\"354\" height=\"130\" src=\"https:\/\/amccombiservice.jl-data.dk\/wp-content\/uploads\/2025\/12\/logo-1.png\" class=\"attachment-large size-large wp-image-51\" alt=\"\" \/>\t\t\t\t\t\t\t\t\t\t\t\t\t\t\t<\/div>\n\t\t\t\t<div class=\"elementor-element elementor-element-842de36 elementor-widget elementor-widget-text-editor\" data-id=\"842de36\" data-element_type=\"widget\" data-widget_type=\"text-editor.default\">\n\t\t\t\t\t\t\t\t\t<p>Vi s\u00e6tter en \u00e6re i at levere h\u00f8j kvalitet \u2013 b\u00e5de i vores service og i vores arbejde.<br data-start=\"158\" data-end=\"161\" \/>Hos os st\u00e5r vi altid klar til at l\u00f8se din opgave med professionalisme, fleksibilitet og fuld dedikation.<\/p>\t\t\t\t\t\t\t\t<\/div>\n\t\t\t\t<\/div>\n\t\t<div class=\"elementor-element elementor-element-990648d e-con-full e-flex e-con e-child\" data-id=\"990648d\" data-element_type=\"container\">\n\t\t\t\t<div class=\"elementor-element elementor-element-33d1b6a elementor-widget elementor-widget-image\" data-id=\"33d1b6a\" data-element_type=\"widget\" data-widget_type=\"image.default\">\n\t\t\t\t\t\t\t\t\t\t\t\t\t\t\t<img fetchpriority=\"high\" decoding=\"async\" width=\"900\" height=\"675\" src=\"https:\/\/amccombiservice.jl-data.dk\/wp-content\/uploads\/2025\/11\/extrabilder27304637_large.jpg\" class=\"attachment-large size-large wp-image-23\" alt=\"\" \/>\t\t\t\t\t\t\t\t\t\t\t\t\t\t\t<\/div>\n\t\t\t\t<\/div>\n\t\t\t\t<\/div>\n\t\t\t\t\t<\/div>\n\t\t\t\t<\/div>\n\t\t<div class=\"elementor-element elementor-element-1c89b59 e-flex e-con-boxed e-con e-parent\" data-id=\"1c89b59\" data-element_type=\"container\">\n\t\t\t\t\t<div class=\"e-con-inner\">\n\t\t\t\t<div class=\"elementor-element elementor-element-87fbb75 elementor-widget elementor-widget-spacer\" data-id=\"87fbb75\" data-element_type=\"widget\" data-widget_type=\"spacer.default\">\n\t\t\t\t\t\t\t<div class=\"elementor-spacer\">\n\t\t\t<div class=\"elementor-spacer-inner\"><\/div>\n\t\t<\/div>\n\t\t\t\t\t\t<\/div>\n\t\t\t\t\t<\/div>\n\t\t\t\t<\/div>\n\t\t<div class=\"elementor-element elementor-element-8fc5842 e-flex e-con-boxed e-con e-parent\" data-id=\"8fc5842\" data-element_type=\"container\" data-settings=\"{&quot;shape_divider_top&quot;:&quot;split&quot;,&quot;background_background&quot;:&quot;classic&quot;}\">\n\t\t\t\t\t<div class=\"e-con-inner\">\n\t\t\t\t<div class=\"elementor-shape elementor-shape-top\" aria-hidden=\"true\" data-negative=\"false\">\n\t\t\t<svg xmlns=\"http:\/\/www.w3.org\/2000\/svg\" viewBox=\"0 0 1000 20\" preserveAspectRatio=\"none\">\n\t<path class=\"elementor-shape-fill\" d=\"M0,0v3c0,0,393.8,0,483.4,0c9.2,0,16.6,7.4,16.6,16.6c0-9.1,7.4-16.6,16.6-16.6C606.2,3,1000,3,1000,3V0H0z\"\/>\n<\/svg>\t\t<\/div>\n\t\t\t\t<div class=\"elementor-element elementor-element-c1f7a0e elementor-widget elementor-widget-spacer\" data-id=\"c1f7a0e\" data-element_type=\"widget\" data-widget_type=\"spacer.default\">\n\t\t\t\t\t\t\t<div class=\"elementor-spacer\">\n\t\t\t<div class=\"elementor-spacer-inner\"><\/div>\n\t\t<\/div>\n\t\t\t\t\t\t<\/div>\n\t\t<div class=\"elementor-element elementor-element-beda9bc e-grid e-con-boxed e-con e-child\" data-id=\"beda9bc\" data-element_type=\"container\">\n\t\t\t\t\t<div class=\"e-con-inner\">\n\t\t\t\t<div class=\"elementor-element elementor-element-924a198 elementor-widget elementor-widget-image\" data-id=\"924a198\" data-element_type=\"widget\" data-widget_type=\"image.default\">\n\t\t\t\t\t\t\t\t\t\t\t\t\t\t\t<img decoding=\"async\" width=\"922\" height=\"930\" src=\"https:\/\/amccombiservice.jl-data.dk\/wp-content\/uploads\/2025\/12\/2.jpg\" class=\"attachment-large size-large wp-image-125\" alt=\"\" \/>\t\t\t\t\t\t\t\t\t\t\t\t\t\t\t<\/div>\n\t\t\t\t<div class=\"elementor-element elementor-element-da58e6c elementor-widget elementor-widget-image\" data-id=\"da58e6c\" data-element_type=\"widget\" data-widget_type=\"image.default\">\n\t\t\t\t\t\t\t\t\t\t\t\t\t\t\t<img loading=\"lazy\" decoding=\"async\" width=\"1024\" height=\"1018\" src=\"https:\/\/amccombiservice.jl-data.dk\/wp-content\/uploads\/2025\/12\/1.jpg\" class=\"attachment-large size-large wp-image-124\" alt=\"\" \/>\t\t\t\t\t\t\t\t\t\t\t\t\t\t\t<\/div>\n\t\t\t\t<div class=\"elementor-element elementor-element-151c149 elementor-widget elementor-widget-image\" data-id=\"151c149\" data-element_type=\"widget\" data-widget_type=\"image.default\">\n\t\t\t\t\t\t\t\t\t\t\t\t\t\t\t<img loading=\"lazy\" decoding=\"async\" width=\"1024\" height=\"1024\" src=\"https:\/\/amccombiservice.jl-data.dk\/wp-content\/uploads\/2025\/12\/487472497_2416342155414700_8022051839728966477_n.jpg\" class=\"attachment-large size-large wp-image-126\" alt=\"\" \/>\t\t\t\t\t\t\t\t\t\t\t\t\t\t\t<\/div>\n\t\t\t\t\t<\/div>\n\t\t\t\t<\/div>\n\t\t\t\t<div class=\"elementor-element elementor-element-e33b285 elementor-widget elementor-widget-heading\" data-id=\"e33b285\" data-element_type=\"widget\" data-widget_type=\"heading.default\">\n\t\t\t\t\t<h1 class=\"elementor-heading-title elementor-size-default\">Lidt om os<\/h1>\t\t\t\t<\/div>\n\t\t\t\t<div class=\"elementor-element elementor-element-772aa24 elementor-widget elementor-widget-text-editor\" data-id=\"772aa24\" data-element_type=\"widget\" data-widget_type=\"text-editor.default\">\n\t\t\t\t\t\t\t\t\t<h4 data-start=\"137\" data-end=\"226\"><strong data-start=\"141\" data-end=\"226\">AMC Combiservice \u2013 Professionel f\u00f8lgebilsk\u00f8rsel med fokus p\u00e5 sikkerhed og service<\/strong><\/h4><p data-start=\"228\" data-end=\"540\">Hos <strong data-start=\"232\" data-end=\"252\">AMC Combiservice<\/strong> er vi tre dedikerede ejere, der hver dag arbejder for at levere <strong data-start=\"317\" data-end=\"366\">p\u00e5lidelig, sikker og effektiv f\u00f8lgebilsk\u00f8rsel<\/strong> til vores kunder i hele landet. Vi kombinerer mange \u00e5rs erfaring med h\u00f8j faglighed og et st\u00e6rkt servicegen, s\u00e5 du altid kan stole p\u00e5, at din transport er i de bedste h\u00e6nder.<\/p><h4 data-start=\"542\" data-end=\"583\"><strong data-start=\"546\" data-end=\"583\">Sikkerhed og tryghed \u2013 hele vejen<\/strong><\/h4><p data-start=\"585\" data-end=\"896\">N\u00e5r du v\u00e6lger AMC Combiservice, v\u00e6lger du en partner, der tager ansvar.<br data-start=\"656\" data-end=\"659\" \/>Vi s\u00f8rger for, at dit gods bliver ledsaget professionelt, sikkert og efter alle g\u00e6ldende krav. Vores f\u00f8lgebiler er moderne og veludstyrede, og vi arbejder altid med fuld fokus p\u00e5 sikkerhed for b\u00e5de materiel, chauff\u00f8rer og medtrafikanter.<\/p><h4 data-start=\"898\" data-end=\"939\"><strong data-start=\"902\" data-end=\"939\">Kundetilfredshed som topprioritet<\/strong><\/h4><p data-start=\"941\" data-end=\"1184\">Vi ved, at en god oplevelse skaber langvarige samarbejder.<br data-start=\"999\" data-end=\"1002\" \/>Derfor er <strong data-start=\"1012\" data-end=\"1056\">kundetilfredshed vores h\u00f8jeste prioritet<\/strong>. Vi m\u00f8der vores kunder med fleksibilitet, klare aftaler, god kommunikation og en l\u00f8sningsorienteret tilgang \u2013 hver eneste gang.<\/p><h4 data-start=\"1186\" data-end=\"1211\"><strong data-start=\"1190\" data-end=\"1211\">Hvorfor v\u00e6lge os?<\/strong><\/h4><ul data-start=\"1213\" data-end=\"1440\"><li data-start=\"1213\" data-end=\"1262\"><p data-start=\"1215\" data-end=\"1262\">Professionelle og erfarne f\u00f8lgebilschauff\u00f8rer<\/p><\/li><li data-start=\"1263\" data-end=\"1307\"><p data-start=\"1265\" data-end=\"1307\">H\u00f8j sikkerhedsstandard og moderne udstyr<\/p><\/li><li data-start=\"1308\" data-end=\"1351\"><p data-start=\"1310\" data-end=\"1351\">Skr\u00e6ddersyede l\u00f8sninger efter dit behov<\/p><\/li><li data-start=\"1352\" data-end=\"1395\"><p data-start=\"1354\" data-end=\"1395\">Hurtig respons og fleksibel planl\u00e6gning<\/p><\/li><li data-start=\"1396\" data-end=\"1440\"><p data-start=\"1398\" data-end=\"1440\">Fokus p\u00e5 kvalitet, tillid og god service<\/p><\/li><\/ul>\t\t\t\t\t\t\t\t<\/div>\n\t\t\t\t<div class=\"elementor-element elementor-element-2a6fe81 elementor-widget elementor-widget-spacer\" data-id=\"2a6fe81\" data-element_type=\"widget\" data-widget_type=\"spacer.default\">\n\t\t\t\t\t\t\t<div class=\"elementor-spacer\">\n\t\t\t<div class=\"elementor-spacer-inner\"><\/div>\n\t\t<\/div>\n\t\t\t\t\t\t<\/div>\n\t\t\t\t\t<\/div>\n\t\t\t\t<\/div>\n\t\t<div class=\"elementor-element elementor-element-b16483b e-flex e-con-boxed e-con e-parent\" data-id=\"b16483b\" data-element_type=\"container\">\n\t\t\t\t\t<div class=\"e-con-inner\">\n\t\t\t\t<div class=\"elementor-element elementor-element-c7d3e61 elementor-widget elementor-widget-spacer\" data-id=\"c7d3e61\" data-element_type=\"widget\" data-widget_type=\"spacer.default\">\n\t\t\t\t\t\t\t<div class=\"elementor-spacer\">\n\t\t\t<div class=\"elementor-spacer-inner\"><\/div>\n\t\t<\/div>\n\t\t\t\t\t\t<\/div>\n\t\t\t\t\t<\/div>\n\t\t\t\t<\/div>\n\t\t<div class=\"elementor-element elementor-element-1c1d1ba e-flex e-con-boxed e-con e-parent\" data-id=\"1c1d1ba\" data-element_type=\"container\" data-settings=\"{&quot;background_background&quot;:&quot;classic&quot;}\">\n\t\t\t\t\t<div class=\"e-con-inner\">\n\t\t\t\t<div class=\"elementor-element elementor-element-c733205 elementor-widget elementor-widget-spacer\" data-id=\"c733205\" data-element_type=\"widget\" data-widget_type=\"spacer.default\">\n\t\t\t\t\t\t\t<div class=\"elementor-spacer\">\n\t\t\t<div class=\"elementor-spacer-inner\"><\/div>\n\t\t<\/div>\n\t\t\t\t\t\t<\/div>\n\t\t\t\t<div class=\"elementor-element elementor-element-981d960 elementor-widget elementor-widget-heading\" data-id=\"981d960\" data-element_type=\"widget\" data-widget_type=\"heading.default\">\n\t\t\t\t\t<h1 class=\"elementor-heading-title elementor-size-default\">AMC Combiservice \u2013 Professionel f\u00f8lgebilsk\u00f8rsel i hele Danmark<\/h1>\t\t\t\t<\/div>\n\t\t\t\t\t<\/div>\n\t\t\t\t<\/div>\n\t\t<div class=\"elementor-element elementor-element-505c65d e-flex e-con-boxed e-con e-parent\" data-id=\"505c65d\" data-element_type=\"container\" data-settings=\"{&quot;background_background&quot;:&quot;classic&quot;}\">\n\t\t\t\t\t<div class=\"e-con-inner\">\n\t\t\t\t<div class=\"elementor-element elementor-element-e509c73 elementor-widget elementor-widget-text-editor\" data-id=\"e509c73\" data-element_type=\"widget\" data-widget_type=\"text-editor.default\">\n\t\t\t\t\t\t\t\t\t<p data-start=\"256\" data-end=\"326\"><span style=\"text-wrap-mode: initial; letter-spacing: -0.1px;\">Vi tilbyder sikker og professionel f\u00f8lgebilsk\u00f8rsel til s\u00e6rtransporter, bredde-\/l\u00e6ngde\u00adtransporter, tungt gods samt alle typer konvojer.<\/span><\/p><p data-start=\"328\" data-end=\"572\">Vores chauff\u00f8rer er erfarne, certificerede og arbejder efter g\u00e6ldende regler for special- og s\u00e6rtransport.<\/p><hr data-start=\"574\" data-end=\"577\" \/><h2 data-start=\"579\" data-end=\"613\"><strong data-start=\"582\" data-end=\"613\">\ud83d\udd27 Vores ydelser inkluderer<\/strong><\/h2><ul data-start=\"614\" data-end=\"903\"><li data-start=\"614\" data-end=\"652\"><p data-start=\"616\" data-end=\"652\">F\u00f8lgebil ( alt efter behov)<\/p><\/li><li data-start=\"653\" data-end=\"678\"><p data-start=\"655\" data-end=\"678\">Professionel chauff\u00f8r<\/p><\/li><li data-start=\"679\" data-end=\"705\"><p data-start=\"681\" data-end=\"705\">Sikker ruteplanl\u00e6gning<\/p><\/li><li data-start=\"706\" data-end=\"754\"><p data-start=\"708\" data-end=\"754\">Kommunikation med transport\u00f8r og myndigheder<\/p><\/li><li data-start=\"755\" data-end=\"800\"><p data-start=\"757\" data-end=\"800\">Visuel sikring, advarselsskiltning og lys<\/p><\/li><li data-start=\"801\" data-end=\"851\"><p data-start=\"803\" data-end=\"851\">Koordinering med politiet ved kr\u00e6vede eskorter<\/p><\/li><li data-start=\"852\" data-end=\"903\"><p data-start=\"854\" data-end=\"903\">Mulighed for flere biler ved st\u00f8rre transporter<\/p><\/li><\/ul><hr data-start=\"905\" data-end=\"908\" \/><h2 data-start=\"910\" data-end=\"933\"><strong data-start=\"913\" data-end=\"933\">\ud83d\udcb0 Priseksempler<\/strong><\/h2><h3 data-start=\"935\" data-end=\"962\"><strong data-start=\"939\" data-end=\"960\">Standard f\u00f8lgebil<\/strong><\/h3><p data-start=\"963\" data-end=\"1011\"><em data-start=\"963\" data-end=\"1011\">Velegnet til brede, lange og tunge transporter<\/em><\/p><ul data-start=\"1013\" data-end=\"1152\"><li data-start=\"1013\" data-end=\"1039\"><p data-start=\"1015\" data-end=\"1039\"><strong data-start=\"1015\" data-end=\"1037\">300 kr. pr. time<\/strong><\/p><\/li><li data-start=\"1040\" data-end=\"1072\"><p data-start=\"1042\" data-end=\"1072\"><strong data-start=\"1042\" data-end=\"1070\">6 kr. pr. k\u00f8rt kilometer<\/strong><\/p><\/li><li data-start=\"1073\" data-end=\"1104\"><p data-start=\"1075\" data-end=\"1104\"><strong data-start=\"1075\" data-end=\"1102\">Minimumspris: 1.800 kr.<\/strong><\/p><\/li><li data-start=\"1105\" data-end=\"1152\"><p data-start=\"1107\" data-end=\"1152\">Inkl. chauff\u00f8r og standard sikkerhedsudstyr<\/p><\/li><\/ul><hr data-start=\"1564\" data-end=\"1567\" \/><h2 data-start=\"1569\" data-end=\"1585\"><strong data-start=\"1572\" data-end=\"1585\">\ud83d\udce6 Till\u00e6g<\/strong><\/h2><p data-start=\"1586\" data-end=\"1617\"><em data-start=\"1586\" data-end=\"1617\">Kun hvis relevant for opgaven<\/em><\/p><ul data-start=\"1619\" data-end=\"1811\"><li data-start=\"1619\" data-end=\"1650\"><p data-start=\"1621\" data-end=\"1650\">Ventetid udover aftalt rute<\/p><\/li><li data-start=\"1651\" data-end=\"1678\"><p data-start=\"1653\" data-end=\"1678\">Aften- og weekendk\u00f8rsel<\/p><\/li><li data-start=\"1679\" data-end=\"1712\"><p data-start=\"1681\" data-end=\"1712\">S\u00e6rlige myndighedstilladelser<\/p><\/li><li data-start=\"1713\" data-end=\"1757\"><p data-start=\"1715\" data-end=\"1757\">Ekstra f\u00f8lgebil ved store s\u00e6rtransporter<\/p><\/li><li data-start=\"1758\" data-end=\"1811\"><p data-start=\"1760\" data-end=\"1811\">Bro-, tunnel- og f\u00e6rgeafgifter (videresendes 1:1)<\/p><\/li><\/ul><hr data-start=\"1813\" data-end=\"1816\" \/><h2 data-start=\"1818\" data-end=\"1847\"><strong data-start=\"1821\" data-end=\"1847\">\ud83d\udccd Typiske totalpriser<\/strong><\/h2><p data-start=\"1848\" data-end=\"1887\">Eksempler p\u00e5 hvad kunder reelt betaler:<\/p><ul data-start=\"1889\" data-end=\"2104\"><li data-start=\"1889\" data-end=\"1949\"><p data-start=\"1891\" data-end=\"1949\"><strong data-start=\"1891\" data-end=\"1931\">Kort lokal s\u00e6rtransport (1\u20132 timer):<\/strong> 1.800\u20132.500 kr.<\/p><\/li><li data-start=\"1950\" data-end=\"2005\"><p data-start=\"1952\" data-end=\"2005\"><strong data-start=\"1952\" data-end=\"1987\">Regional transport (3\u20135 timer):<\/strong> 3.000\u20135.500 kr.<\/p><\/li><li data-start=\"2006\" data-end=\"2055\"><p data-start=\"2008\" data-end=\"2055\"><strong data-start=\"2008\" data-end=\"2036\">Landsd\u00e6kkende transport:<\/strong> 6.000\u201312.000 kr.<\/p><\/li><li data-start=\"2056\" data-end=\"2104\"><p data-start=\"2058\" data-end=\"2104\"><strong data-start=\"2058\" data-end=\"2089\">Komplekse eller natk\u00f8rsler:<\/strong> Tilbud gives<\/p><\/li><\/ul><hr data-start=\"2106\" data-end=\"2109\" \/><h2 data-start=\"2111\" data-end=\"2151\"><strong data-start=\"2114\" data-end=\"2151\">\ud83c\udfaf Hvorfor v\u00e6lge AMC Combiservice<\/strong><\/h2><ul data-start=\"2152\" data-end=\"2334\"><li data-start=\"2152\" data-end=\"2182\"><p data-start=\"2154\" data-end=\"2182\">H\u00f8j faglighed og sikkerhed<\/p><\/li><li data-start=\"2183\" data-end=\"2225\"><p data-start=\"2185\" data-end=\"2225\">Moderne udstyr og godkendte f\u00f8lgebiler<\/p><\/li><li data-start=\"2226\" data-end=\"2272\"><p data-start=\"2228\" data-end=\"2272\">Fleksibel bemanding \u2013 vi rykker hurtigt ud<\/p><\/li><li data-start=\"2273\" data-end=\"2295\"><p data-start=\"2275\" data-end=\"2295\">Fast kontaktperson<\/p><\/li><li data-start=\"2296\" data-end=\"2334\"><p data-start=\"2298\" data-end=\"2334\">Klar og gennemskuelig prisstruktur<\/p><\/li><\/ul><hr data-start=\"2336\" data-end=\"2339\" \/><h2 data-start=\"2341\" data-end=\"2369\"><strong data-start=\"2344\" data-end=\"2369\">\ud83d\udcde Kontakt for tilbud<\/strong><\/h2><p data-start=\"2370\" data-end=\"2469\">Har du en konkret opgave?<br data-start=\"2395\" data-end=\"2398\" \/>Vi sender gerne et <strong data-start=\"2417\" data-end=\"2444\">skriftligt, fast tilbud<\/strong> ud fra dine oplysninger.<\/p>\t\t\t\t\t\t\t\t<\/div>\n\t\t\t\t<div class=\"elementor-element elementor-element-3d8986a elementor-widget elementor-widget-spacer\" data-id=\"3d8986a\" data-element_type=\"widget\" data-widget_type=\"spacer.default\">\n\t\t\t\t\t\t\t<div class=\"elementor-spacer\">\n\t\t\t<div class=\"elementor-spacer-inner\"><\/div>\n\t\t<\/div>\n\t\t\t\t\t\t<\/div>\n\t\t\t\t\t<\/div>\n\t\t\t\t<\/div>\n\t\t\t\t<\/div>\n\t\t","protected":false},"excerpt":{"rendered":"<p>Velkommen hos Vi s\u00e6tter en \u00e6re i at levere h\u00f8j kvalitet \u2013 b\u00e5de i vores service og i vores arbejde.Hos os st\u00e5r vi altid klar til at l\u00f8se din opgave med professionalisme, fleksibilitet og fuld dedikation. Lidt om os AMC Combiservice \u2013 Professionel f\u00f8lgebilsk\u00f8rsel med fokus p\u00e5 sikkerhed og service Hos AMC Combiservice er vi [&hellip;]<\/p>\n","protected":false},"author":1,"featured_media":0,"parent":0,"menu_order":0,"comment_status":"closed","ping_status":"closed","template":"","meta":{"footnotes":""},"class_list":["post-10","page","type-page","status-publish","hentry"],"_links":{"self":[{"href":"https:\/\/amccombiservice.jl-data.dk\/index.php\/wp-json\/wp\/v2\/pages\/10","targetHints":{"allow":["GET"]}}],"collection":[{"href":"https:\/\/amccombiservice.jl-data.dk\/index.php\/wp-json\/wp\/v2\/pages"}],"about":[{"href":"https:\/\/amccombiservice.jl-data.dk\/index.php\/wp-json\/wp\/v2\/types\/page"}],"author":[{"embeddable":true,"href":"https:\/\/amccombiservice.jl-data.dk\/index.php\/wp-json\/wp\/v2\/users\/1"}],"replies":[{"embeddable":true,"href":"https:\/\/amccombiservice.jl-data.dk\/index.php\/wp-json\/wp\/v2\/comments?post=10"}],"version-history":[{"count":76,"href":"https:\/\/amccombiservice.jl-data.dk\/index.php\/wp-json\/wp\/v2\/pages\/10\/revisions"}],"predecessor-version":[{"id":132,"href":"https:\/\/amccombiservice.jl-data.dk\/index.php\/wp-json\/wp\/v2\/pages\/10\/revisions\/132"}],"wp:attachment":[{"href":"https:\/\/amccombiservice.jl-data.dk\/index.php\/wp-json\/wp\/v2\/media?parent=10"}],"curies":[{"name":"wp","href":"https:\/\/api.w.org\/{rel}","templated":true}]}}